 4*x = 24. Suppose b - 24 + n = 0. List the prime factors of b.
19
Let d be 0 + -4*2/(-4). Let v(n) = 2*n + 11*n**d + 1 - n**3 - 6*n**2 + 3*n - n. List the prime factors of v(3).
31
Suppose 6 + 5 = -d - 4*v, -41 = -5*d + 4*v. Suppose -d*y + 40 = -3*y. Suppose 4*u + y = -5*h + 75, -32 = -h - 5*u. List the prime factors of h.
7
Let u(x) = 176*x + 6. Let c be u(-4). Let s = 1225 + c. What are the prime factors of s/34 - (-3)/2?
17
Suppose 0 = 4*x - 2*o - 4614, 0 = 4*x + 5*o - 2404 - 2217. List the prime factors of x.
2, 577
Let b be (2 + -12)/(-1) - 1. Let k(o) = 3*o**2 + 21*o - 26. Let u(y) = y**2 + 10*y - 13. Let a(t) = 2*k(t) - 5*u(t). List the prime factors of a(b).
2, 11
Let h(f) = 13*f**2 - 3. Let x(a) = -a**2 - 1. Let i(m) = h(m) - 2*x(m). Let q be -4 - (1 - -11)/(-4). List the prime factors of i(q).
2, 7
Let j(v) = -3*v + 16. Let o(u) = -u**3 + 5*u**2 - u + 7. Let g be o(5). Let w be -5 - (g - (-4)/4). List the prime factors of j(w).
2, 5
Let k(l) = -l**2 - 8*l - 7. Let y be k(-6). Suppose 5*u + 5*o = -25, -2*u + y*o - 2 = -4*u. What are the prime factors of 3/(-2)*48/u?
2
Suppose 3*h + 3*h - 66 = 0. List the prime factors of (-5)/((-15)/21)*h.
7, 11
Let s(k) = 7*k**2 - k. Let f be s(-2). Suppose -2*i + 4*h = -8, -4*h = 28 - 20. Suppose i = -4*y + f + 14. List the prime factors of y.
11
Suppose -2*z + 2*g - 41 = 3*z, -z + 3*g - 3 = 0. Let j(q) = 2*q**2 + 4*q - 22. What are the prime factors of j(z)?
2, 13
Let g(j) = -j**3 + 2*j**2 - 3. Let n be g(3). Let o be (-48)/n + 19*2. List the prime factors of o/(1*(-6)/(-9)).
3, 7
Let c = 81 + -76. Suppose -174 = c*n - 859. What are the prime factors of n?
137
Let b(n) = 13*n**2 - 34*n**2 - 5 + n**3 + 109*n - 107*n + 32. What are the prime factors of b(21)?
3, 23
Let v = -1836 + 4328. List the prime factors of v.
2, 7, 89
Let m(r) be the third derivative of -r**5/60 + r**4/3 - 5*r**3/3 + 6*r**2. Let z be m(7). List the prime factors of z/12 - (-356)/16.
2, 11
Let x(b) = 14*b - 1. Let y be x(1). Suppose -5*p - 3*d + 23 = -11, -2*p = d - y. Suppose -2*f + p = -3. What are the prime factors of f?
2
Let t(u) = -5*u - 6. Let z be t(5). Let n = z + 33. Suppose -n*a - 2 = -10, 5*l - 255 = -5*a. What are the prime factors of l?
47
Let r = 982 - 87. Suppose -5*y - 235 + r = 0. Let u = y - 68. List the prime factors of u.
2
Suppose -4*s = -i - 7059, 4*s - 4*i - 2250 = 4818. List the prime factors of s.
2, 3, 7
Suppose 6*l = 9*l. Let h(v) = 10 + 3*v + 2*v - 4*v. List the prime factors of h(l).
2, 5
Let t = -32 - -12. What are the prime factors of (488/(-10))/(((-64)/t)/(-8))?
2, 61
Let l be (-3)/4 + 54/(-24). Suppose 3*c + 2 - 3 = -j, c - j = -1. Let a = c - l. List the prime factors of a.
3
Let g(n) = n**3 + 11*n**2 + 12*n + 7. Let k be g(-10). Let h = -33 - -7. Let o = k - h. What are the prime factors of o?
13
Suppose 84*q - 8010 = 78*q. List the prime factors of q.
3, 5, 89
Let q = -34 + 36. Let s be (q + 1)/(12/8). Suppose s*x = -3*h - 2*h + 287, -4 = x. What are the prime factors of h?
59
Let r be 0*(3 - 7/2). Suppose -3*z = -3*y, r = -7*y + 2*y - 3*z + 32. Suppose 2*o = y, 0*c + 58 = 5*c - o. What are the prime factors of c?
2, 3
Let t be (-14)/(-3) + (-4)/6. Let u(w) = -6*w + 4. Let d be u(-2). Suppose 0 = -t*r + 56 + d. What are the prime factors of r?
2, 3
Suppose 0 = -5*w - 132 + 572. What are the prime factors of w?
2, 11
Suppose 4*d + 4*v = 9844, -12*v + 17*v = -5. What are the prime factors of d?
2, 1231
Let s(g) = -3*g + 3. Let o be s(-2). Let w = o - 7. Let x(l) = 5*l - 1. List the prime factors of x(w).
3
Let t(a) = 33*a**2 - 78*a - 9. What are the prime factors of t(6)?
3, 79
Let b = 77 - -8. Let a = -184 + 124. Let o = b + a. List the prime factors of o.
5
Suppose -4*u + 2*u + 18 = 0. Suppose -n = -d - 5, 2*n + d - u - 1 = 0. Suppose -181 = -3*a + c - 2*c, -n*c - 115 = -2*a. What are the prime factors of a?
2, 3, 5
Let g be (-2 + -4)/((-15)/10). Suppose -8*y = -3*y + 2*i - 892, -g*y + 711 = -i. List the prime factors of y.
2, 89
Let f(v) = -2*v**2 + 120*v + 23. What are the prime factors of f(34)?
3, 199
Let g be ((-78)/(-9))/(8/12). Let t = g + 1. List the prime factors of t.
2, 7
Let y(x) = 79*x - 171. List the prime factors of y(13).
2, 107
Suppose -2*w = a - 6*a + 33, 0 = a + 2*w + 3. Suppose -a*d + 0*d = 0. Suppose -2*v = -d*v - 2*t - 98, 221 = 4*v + t. What are the prime factors of v?
2, 3
Suppose -3*c - 16 = -c. Let r(y) = 4*y**3 + 13*y**2 + 11*y - 2. Let v(f) = -f**3 - f**2 + 1. Let n(g) = r(g) + 3*v(g). List the prime factors of n(c).
41
Let l(r) = -r**3 + 9*r**2 + 2*r + 7. Let i = -10 + 18. Let q be l(i). List the prime factors of (-2)/6*(0 - q).
29
Suppose -12*u - 6 = -13*u. Suppose n = u*n - 465. List the prime factors of n.
3, 31
Suppose 2*x + 1085 = 7*x. List the prime factors of x.
7, 31
Let y = -232 - -656. List the prime factors of y.
2, 53
Let b = -329 - -718. List the prime factors of b.
389
Let y be 3 + -7 - -2 - 3. Let f = 10 + y. Suppose 2*b - 5*p + 2*p = 65, -2*p - 190 = -f*b. What are the prime factors of b?
2, 5
Let k = -48 - -285. List the prime factors of k.
3, 79
Let s(i) = -i**3 - 4*i**2 + 2*i. Let z be s(-4). Let p be (z/(-6))/((-5)/(-15)). Suppose 0 = a - 5*l, 4*a - 82 = p*l - 18. List the prime factors of a.
2, 5
Let i = 1 - -10. Suppose 0 = 2*s - 4*u - 46, 0 = -3*s - 4*u + 100 - i. What are the prime factors of s?
3
Suppose -7*k + 3*k + 1265 = -j, -2*j = 4*k - 1262. What are the prime factors of k?
2, 79
Suppose o = -5*x + 245, 914 = 4*o - 16*x + 14*x. What are the prime factors of o?
2, 5, 23
Let t(h) be the second derivative of -h**5/20 + 5*h**4/12 - h**3/3 + 5*h**2/2 + 17*h. Let c be ((-6)/(-10) - 1)*-10. What are the prime factors of t(c)?
13
Suppose 4*l + 1588 - 7708 = 0. Suppose -15*p + 5850 - l = 0. List the prime factors of p.
2, 3
Suppose -10*v + 3*v = -14. Suppose 5*u + 2*z = 50, 0*z - 3*z = -v*u + 20. What are the prime factors of u?
2, 5
Let f(j) = -3*j - 1. Let r(o) = -o + 1. Let q(v) = f(v) - 4*r(v). Let u be q(7). What are the prime factors of (-6 - u)/4 + 18?
2
Let j = 5 + 87. Let l = j - 43. Let f = l + -13. List the prime factors of f.
2, 3
Let r = -14 - -22. Suppose r*p - 100 = 3*p. What are the prime factors of (p/(-6))/((-1)/3)?
2, 5
Suppose l + 4*s - 187 = 0, -5*l - 3*s + 182 = -4*l. Suppose h - b = 2*h - 165, -h + l = -b. List the prime factors of h.
2, 83
Suppose -4*t = -2*g + 54, 0 = -4*t - 3*g - g - 60. Let u(a) = -2*a**2 - 47*a + 7. List the prime factors of u(t).
3, 7, 13
Let c(x) = -11*x + 525. List the prime factors of c(-44).
1009
Let n = 29 - 24. Suppose 0 = -3*j - 3*s + 429, -n*s + 3 = j - 120. Let x = -74 + j. What are the prime factors of x?
2, 37
Suppose -2*i - 5*a = 31, -3*i + a = -0*a + 72. Suppose 3*y = -44 - 76. Let l = i - y. What are the prime factors of l?
17
Suppose 73883 = 94*m - 74543. What are the prime factors of m?
1579
Let s be ((-26)/(-3))/(2/6). Suppose 3*o = -4*k - s, -5*k + 7 - 35 = 3*o. Let q(r) = -r**2 - 8*r - 3. What are the prime factors of q(o)?
3
Let w(y) = 9*y**2 - 88*y - 61. List the prime factors of w(24).
3011
Suppose -2*z - 3*v = -4*v + 37, 3*z + 2*v = -59. Let t be 3*(-170)/(-15) - 1. Let y = z + t. List the prime factors of y.
2, 7
Let u(i) = 3*i - 4. Let j be u(4). Suppose j = -4*l - 0. Let y = 5 - l. List the prime factors of y.
7
Let j be 0 - (2 - (-76)/1). Let v = j + 167. Let r = v + -45. List the prime factors of r.
2, 11
Let g = -22 - -20. Let x be g*1/(3/(-18)). Suppose 68 = 2*h + x. List the prime factors of h.
2, 7
Let u be -1 - (0/(-2) - 14/2). Suppose -4*l - 4*p = -144, -4*p + 48 = l - u*p. What are the prime factors of l?
2, 5
Let g be ((-504)/(-9))/((-2)/(-6)). Let f = g - 110. What are the prime factors of f?
2, 29
Let o(s) = -13*s - 7 + 5*s**2 + 13*s + s**2. List the prime factors of o(-3).
47
Suppose 2*v - 2 = 34. Let i = v - -41. List the prime factors of i.
59
Suppose -o - 1309 = -6*n + 11635, 2*n - 4312 = o. What are the prime factors of n?
2, 13, 83
Let t(n) = -n**2 + 9*n - 5. Suppose 11 = -3*p + 2. Let l(g) = -2*g**2 + 10*g - 6. Let y(q) = p*l(q) + 4*t(q). List the prime factors of y(-5).
2, 3
Let h = -50 - 180. Let u = 421 + h. List the prime factors of u.
191
Suppose 0 = -8*i + 10 + 30. Suppose -4*m - 4*f + 488 = -i*f, -5*m = 4*f - 631. What are the prime factors